What is the hundred thousands digit of 8033380?
0
What is the tens digit of 4015721?
2
What is the ten thousands digit of 2274250?
7
What is the hundred thousands digit of 293108?
2
What is the hundred thousands digit of 324131?
3
What is the millions digit of 20555054?
0
What is the ten thousands digit of 162449?
6
What is the thousands digit of 6801938?
1
What is the tens digit of 192825?
2
What is the hundred thousands digit of 1045034?
0
What is the units digit of 6935059?
9
What is the hundreds digit of 377246?
2
What is the millions digit of 6169941?
6
What is the ten thousands digit of 1294804?
9
What is the ten thousands digit of 291805?
9
What is the millions digit of 11124355?
1
What is the tens digit of 3959230?
3
What is the units digit of 641664?
4
What is the units digit of 6460267?
7
What is the ten thousands digit of 55431?
5
What is the tens digit of 224146?
4
What is the hundred thousands digit of 198585?
1
What is the hundred thousands digit of 525024?
5
What is the units digit of 8377086?
6
What is the tens digit of 344258?
5
What is the hundreds digit of 156523?
5
What is the units digit of 1744640?
0
What is the units digit of 311631?
1
What is the millions digit of 1373962?
1
What is the units digit of 2170688?
8
What is the thousands digit of 749127?
9
What is the millions digit of 5351700?
5
What is the hundreds digit of 161085?
0
What is the ten thousands digit of 1523683?
2
What is the thousands digit of 304625?
4
What is the millions digit of 3396074?
3
What is the tens digit of 1111818?
1
What is the units digit of 1795572?
2
What is the hundred thousands digit of 10576520?
5
What is the hundreds digit of 1816413?
4
What is the hundreds digit of 1468621?
6
What is the units digit of 144141?
1
What is the hundreds digit of 14526231?
2
What is the ten millions digit of 18515023?
1
What is the hundreds digit of 38770448?
4
What is the hundred thousands digit of 2372156?
3
What is the tens digit of 11128017?
1
What is the tens digit of 3193823?
2
What is the thousands digit of 1225907?
5
What is the millions digit of 6489960?
6
What is the tens digit of 1044164?
6
What is the hundreds digit of 645375?
3
What is the millions digit of 3421911?
3
What is the hundreds digit of 506052?
0
What is the ten thousands digit of 22531274?
3
What is the units digit of 257866?
6
What is the hundred thousands digit of 2083210?
0
What is the units digit of 66307?
7
What is the units digit of 874610?
0
What is the hundred thousands digit of 189750?
1
What is the thousands digit of 3860358?
0
What is the units digit of 606496?
6
What is the thousands digit of 384976?
4
What is the tens digit of 4281571?
7
What is the thousands digit of 943063?
3
What is the ten thousands digit of 4629117?
2
What is the ten thousands digit of 6831195?
3
What is the hundred thousands digit of 628587?
6
What is the tens digit of 96292?
9
What is the hundred thousands digit of 995745?
9
What is the hundreds digit of 4309902?
9
What is the units digit of 1950156?
6
What is the units digit of 3321443?
3
What is the hundreds digit of 1182851?
8
What is the units digit of 238980?
0
What is the hundreds digit of 13160950?
9
What is the ten thousands digit of 10395151?
9
What is the ten thousands digit of 276748?
7
What is the thousands digit of 264310?
4
What is the ten thousands digit of 134976?
3
What is the thousands digit of 4665276?
5
What is the thousands digit of 4653040?
3
What is the units digit of 8846015?
5
What is the units digit of 100940?
0
What is the hundred thousands digit of 1278531?
2
What is the hundreds digit of 2091226?
2
What is the ten thousands digit of 1555444?
5
What is the tens digit of 539783?
8
What is the thousands digit of 5969512?
9
What is the hundreds digit of 276430?
4
What is the units digit of 12108890?
0
What is the millions digit of 6917022?
6
What is the hundreds digit of 272943?
9
What is the thousands digit of 166058?
6
What is the units digit of 866135?
5
What is the hundreds digit of 3731664?
6
What is the thousands digit of 9839?
9
What is the tens digit of 2812141?
4
What is the ten thousands digit of 175505?
7
What is the hundreds digit of 3554255?
2
What is the ten thousands digit of 158374?
5
What is the ten thousands digit of 445360?
4
What is the millions digit of 2332598?
2
What is the units digit of 6167614?
4
What is the thousands digit of 95616?
5
What is the units digit of 6394387?
7
What is the hundreds digit of 21567297?
2
What is the hundreds digit of 349011?
0
What is the millions digit of 15139142?
5
What is the ten thousands digit of 81968?
8
What is the units digit of 34740022?
2
What is the units digit of 990786?
6
What is the ten thousands digit of 18993399?
9
What is the ten thousands digit of 2146160?
4
What is the units digit of 1526526?
6
What is the thousands digit of 1419235?
9
What is the tens digit of 98583?
8
What is the thousands digit of 8421805?
1
What is the ten thousands digit of 49269?
4
What is the ten thousands digit of 234815?
3
What is the units digit of 15071914?
4
What is the thousands digit of 2357640?
7
What is the ten thousands digit of 316828?
1
What is the units digit of 26804565?
5
What is the units digit of 16137353?
3
What is the thousands digit of 4124037?
4
What is the hundred thousands digit of 5388056?
3
What is the tens digit of 1127502?
0
What is the millions digit of 1030687?
1
What is the thousands digit of 987287?
7
What is the thousands digit of 6152320?
2
What is the units digit of 4468889?
9
What is the units digit of 218673?
3
What is the tens digit of 1600837?
3
What is the hundreds digit of 2750?
7
What is the units digit of 184857?
7
What is the units digit of 350520?
0
What is the units digit of 429803?
3
What is the millions digit of 8548991?
8
What is the hundreds digit of 29909?
9
What is the thousands digit of 17941506?
1
What is the hundred thousands digit of 117167?
1
What is the units digit of 1996282?
2
What is the tens digit of 1403005?
0
What is the tens digit of 18718?
1
What is the units digit of 1629300?
0
What is the millions digit of 2275603?
2
What is the hundreds digit of 445405?
4
What is the hundred thousands digit of 856994?
8
What is the millions digit of 1528958?
1
What is the hundreds digit of 45359?
3
What is the tens digit of 1079078?
7
What is the tens digit of 346650?
5
What is the units digit of 10216151?
1
What is the hundred thousands digit of 8835456?
8
What is the thousands digit of 11486924?
6
What is the hundreds digit of 1561198?
1
What is the thousands digit of 363592?
3
What is the tens digit of 118561?
6
What is the hundred thousands digit of 634951?
6
What is the hundred thousands digit of 9015155?
0
What is the units digit of 7332987?
7
What is the hundred thousands digit of 4305920?
3
What is the hundreds digit of 9336536?
5
What is the millions digit of 1237326?
1
What is the ten thousands digit of 295297?
9
What is the thousands digit of 1074087?
4
What is the tens digit of 242970?
7
What is the millions digit of 2444213?
2
What is the hundred thousands digit of 9790678?
7
What is the tens digit of 1417616?
1
What is the millions digit of 1523566?
1
What is the thousands digit of 315797?
5
What is the thousands digit of 378724?
8
What is the units digit of 7316985?
5
What is the thousands digit of 9895201?
5
What is the hundreds digit of 639063?
0
What is the tens digit of 2375471?
7
What is the tens digit of 11047509?
0
What is the hundreds digit of 2122174?
1
What is the units digit of 55647?
7
What is the units digit of 1240395?
5
What is the tens digit of 20322598?
9
What is the ten thousands digit of 1426522?
2
What is the tens digit of 2778685?
8
What is the hundred thousands digit of 954848?
9
What is the millions digit of 7739038?
7
What is the units digit of 401462?
2
What is the thousands digit of 11716919?
6
What is the tens digit of 427418?
1
What is the ten thousands digit of 872507?
7
What is the tens digit of 1272420?
2
What is the tens digit of 1558286?
8
What is the ten thousands digit of 12100570?
0
What is the thousands digit of 220513?
0
What is the hundred thousands digit of 1020934?
0
What is the thousands digit of 115461?
5
What is the hundred thousands digit of 4604440?
6
What is t